2*g**2 + g + 1. Calculate f(2).
-85
Let x(v) = 6*v - 5. Give x(2).
7
Let a(s) = s**3 - 4*s**2 + 4*s - 2. Calculate a(2).
-2
Let r(b) = 13*b + 3. Give r(-5).
-62
Let f(r) = r**3 + 5*r**2 + 8*r + 11. Calculate f(-3).
5
Let g(h) = h**3 - 4*h**2 - 9*h + 16. Determine g(5).
-4
Let q(w) = -w**3 - w**2 + w - 9. Determine q(0).
-9
Let b(l) = l - 10. Calculate b(5).
-5
Let q(z) = -2*z**2 + 1. Calculate q(-2).
-7
Let i(g) = g - 24. Determine i(11).
-13
Let f(s) = s**2 - 7*s - 28. What is f(10)?
2
Let b(g) = -g**3 - 9*g**2 - 5*g + 8. What is b(-8)?
-16
Let j(a) = -a**3 + 3*a**2 + 5*a - 5. What is j(3)?
10
Let c(v) = v**2 - 2*v - 5. Give c(-6).
43
Let w(y) = y**2 - 6*y + 2. Give w(7).
9
Let w(u) = u**3 - 6*u**2 - 2*u - 2. Give w(7).
33
Let v(p) = p**2 - 22*p + 93. Determine v(14).
-19
Let d(k) = k - 26. Calculate d(17).
-9
Let r(g) = g**2 + 14*g - 9. Calculate r(-15).
6
Let c(r) = -3*r - 11. What is c(-11)?
22
Let r(g) = -2*g**2 + 10*g + 15. What is r(8)?
-33
Let x(f) = f**2 - 6*f - 17. Determine x(7).
-10
Let g(q) = -3*q**3 + 11*q**2 + 3*q + 13. What is g(5)?
-72
Let x(t) = t**3 - 15*t**2 - t + 22. What is x(15)?
7
Let d(u) = u**3 - 4*u**2 + 3*u - 7. Determine d(3).
-7
Let y(l) = 330*l - 2643. Calculate y(8).
-3
Let i(h) = -3*h + 55. What is i(18)?
1
Let y(i) = 17*i - 354. Determine y(21).
3
Let d(w) = 4*w. What is d(-3)?
-12
Let o(b) = b**3 + 9*b**2 + 9*b - 3. Give o(-8).
-11
Let i(c) = -177*c + 1596. Calculate i(9).
3
Let s(y) = y**2 - y + 3. Give s(8).
59
Let i(q) = -q**3 - 6*q**2 + 17*q + 4. What is i(-8)?
-4
Let a(b) = b**2 - 5*b + 11. Give a(6).
17
Let j(y) = -y**3 - 8*y**2 + 3*y + 9. Give j(-8).
-15
Let v(q) = q**3 + 4*q**2 - 5*q - 20. Determine v(-3).
4
Let u(m) = -13*m - 37. Calculate u(-3).
2
Let a(t) = -t**3 - 5*t**2 + 2*t + 25. Calculate a(-5).
15
Let x(o) = -4*o**2 - 58*o + 32. Calculate x(-15).
2
Let s(m) = m**3 - 4*m**2 + 8*m - 3. Calculate s(3).
12
Let k(o) = o**2 - 3*o + 5. What is k(2)?
3
Let l(i) = -i**3 - 44*i**2 - 42*i + 48. Determine l(-43).
5
Let i(c) = 8*c**3 - 2*c**2 - 2*c + 3. Determine i(1).
7
Let s(j) = -14*j**3 - j**2 - j - 1. Determine s(-1).
13
Let z(r) = r**3 - 4*r**2 - 8*r + 1. Determine z(6).
25
Let z(u) = -2*u**3 + 8*u**2 - 2*u + 14. Give z(4).
6
Let u(z) = 59*z**3 + z**2 + 2*z + 2. Calculate u(-1).
-58
Let y(w) = 2*w + 20. Give y(-11).
-2
Let g(b) = -b**3 - 4*b**2 + 10*b + 17. Give g(-5).
-8
Let m(j) = -2*j**2 + 9*j + 12. Determine m(5).
7
Let d(v) = 2*v**2 - 4*v - 1. What is d(1)?
-3
Let z(n) = n**3 - 6*n**2 + 6*n. Determine z(4).
-8
Let x(h) = -4*h + 43. What is x(9)?
7
Let r(i) = -i**2 + 4*i - 3. Give r(3).
0
Let d(k) = -k**3 - 4*k**2 - 7*k - 41. Determine d(-4).
-13
Let g(v) = -2*v**3 - 2*v**2 - v - 1. Give g(-2).
9
Let l(f) = -f**2 - 11*f - 9. What is l(-8)?
15
Let p(r) = 2*r**2 + r - 4. What is p(5)?
51
Let r(j) = j**3 + 9*j**2 + 9*j. What is r(-8)?
-8
Let f(j) = 12*j - 73. Determine f(6).
-1
Let n(i) = -3*i**3 - 3*i**2 - i - 1. Determine n(-1).
0
Let k(d) = d**2 - 9*d + 2. Calculate k(6).
-16
Let i(f) = -34*f**3 + 1. What is i(1)?
-33
Let r(v) = v**2 + v. Determine r(-2).
2
Let o(v) = -v**2 + 18*v + 32. What is o(19)?
13
Let u(x) = x**2 + x - 2. Give u(3).
10
Let q(v) = -50*v - 89. Calculate q(-3).
61
Let a(x) = x**2 - 14*x + 6. Give a(11).
-27
Let s(b) = -30*b + 12. Give s(4).
-108
Let j(z) = -2*z - 4. What is j(-1)?
-2
Let k(q) = -q**3 - 16*q**2 + 17*q + 14. Calculate k(-17).
14
Let v(y) = -y - 22. Give v(-6).
-16
Let l(b) = 6*b - 24. Give l(9).
30
Let y(b) = -b**2 + 22*b + 51. Calculate y(24).
3
Let d(n) = -n**2 + 13*n + 7. What is d(-7)?
-133
Let n(x) = -14*x**2 - 99*x + 8. Give n(-7).
15
Let l(b) = -b**3 + 10*b**2 + 10. Determine l(10).
10
Let r(m) = 5*m + 43. What is r(-8)?
3
Let k(i) = -i**3 - 19*i**2 + i - 1. Calculate k(-19).
-20
Let l(c) = -c**3 - c**2 + 25*c - 3. What is l(-5)?
-28
Let s(c) = 5*c - 100. What is s(19)?
-5
Let t(c) = -c**3 - c**2 - c + 1. Give t(-1).
2
Let o(a) = 141*a - 140. Determine o(1).
1
Let q(w) = 2*w**2 + 6*w - 28. Calculate q(3).
8
Let y(j) = 4*j - 7. What is y(-5)?
-27
Let z(d) = 2*d - 12. Calculate z(5).
-2
Let y(t) = t**3 + 33*t**2 - 37*t + 37. Determine y(-34).
139
Let u(d) = 93*d - 105. What is u(1)?
-12
Let v(j) = 14*j - 1021. Determine v(73).
1
Let n(q) = -18*q**3 - 2*q**2 + q - 1. Calculate n(1).
-20
Let k(r) = r**3 + 5*r**2 + 2*r - 1. Give k(-4).
7
Let t(c) = -c**2 - 10*c + 42. Calculate t(-13).
3
Let h(o) = -o**3 - 7*o**2 + 19*o + 3. What is h(-9)?
-6
Let m(u) = u**3 - 10*u**2 - 4*u + 20. Give m(10).
-20
Let f(i) = 2*i**3 - i**2 - 2*i - 6. Give f(3).
33
Let d(i) = -2*i**3 - 12*i**2 + 3*i + 5. What is d(-7)?
82
Let j(o) = -47*o**3 - 2*o**2 + 2*o - 1. Calculate j(1).
-48
Let o(r) = -81*r + 7. What is o(-2)?
169
Let b(u) = 7*u - 102. What is b(14)?
-4
Let u(m) = m + 11. Calculate u(-4).
7
Let c(f) = -f**3 + f**2 + 10*f + 3. Give c(4).
-5
Let q(c) = -c**2 + 5*c + 6. What is q(-5)?
-44
Let x(o) = 2*o + 64. Give x(-17).
30
Let z(n) = n**3 - 2*n**2 - 21*n + 26. Calculate z(5).
-4
Let p(a) = -2*a - 9. What is p(-4)?
-1
Let k(y) = -y**2 + 4*y - 1. Determine k(3).
2
Let j(x) = x**3 + 9*x**2 - x - 8. Calculate j(-9).
1
Let d(g) = -g**2 + 17. Determine d(-5).
-8
Let b(z) = -6*z**3 + z + 1. What is b(-2)?
47
Let v(i) = -71*i + 428. Calculate v(6).
2
Let t(m) = m**3 + 21*m**2 + 35*m - 25. Give t(-19).
32
Let l(i) = -2*i - 5. Give l(-8).
11
Let y(v) = 4*v + 3. Calculate y(-6).
-21
Let w(g) = -2*g**2 + 45*g + 68. Determine w(24).
-4
Let b(g) = g**2 - 6*g + 9. What is b(3)?
0
Let x(o) = -o**3 - 6*o**2 - 7*o - 6. What is x(-6)?
36
Let a(n) = 2*n**2 + 25*n + 2. Determine a(-12).
-10
Let q(d) = d**3 - 5*d**2 - d + 1. Calculate q(5).
-4
Let s(f) = f**3 - 10*f**2 + 8*f - 2. Give s(9).
-11
Let b(h) = 64*h**2 + h - 1. What is b(1)?
64
Let x(g) = -2*g + 15. Determine x(12).
-9
Let l(r) = r**3 - 6*r**2 - 3*r - 3. Calculate l(6).
-21
Let y(h) = -h**2 - 2*h + 12. Determine y(9).
-87
Let p(n) = -43*n - 1. Calculate p(-1).
42
Let t(m) = 22*m - 85. Give t(3).
-19
Let q(y) = -y**2 + 21. Give q(0).
21
Let h(g) = -g**2 - 10*g + 9. What is h(-11)?
-2
Let a(g) = g**2 - 11*g - 28. What is a(13)?
-2
Let d(x) = -11*x**3 - 3*x**2 - 6*x - 7. Give d(-2).
81
Let k(f) = f + 5. Give k(-10).
-5
Let h(a) = -a**3 + 12*a**2 + 15*a - 9. What is h(13)?
17
Let v(p) = -5*p + 11. Determine v(15).
-64
Let r(a) = -a**2 - 15*a + 65. Determine r(-19).
-11
Let r(a) = -3*a**3 - 3*a**2 - 4*a + 3. Give r(-3).
69
Let h(o) = -o**3 + 7*o**2 + 7*o + 11. Calculate h(8).
3
Let a(j) = j**3 - 6*j**2 - 16*j + 66. Determine a(7).
3
Let s(c) = -c**3 + 6*c**2 + 16*c - 65. Determine s(7).
-2
Let h(w) = w**3 - 14*w**2 - 4*w - 2. Give h(14).
-58
Let x(u) = 4*u + 80. What is x(-22)?
-8
Let g(f) = f**3 + 24*f**2 + 62*f - 25. What is g(-21)?
-4
Let l(n) = -n**3 - 38*n**2 - 73*n - 34. Calculate l(-36).
2
Let w(m) = m**3 + 4*m**2 - 7*m + 7. What is w(-6)?
-23
Let r(b) = b**3 - 27*b**2 + 49*b + 31. What is r(25)?
6
Let m(i) = -i**2 - 12*i - 11. Give m(-11).
0
Let j(y) = -y**3 - 7*y**2 + y + 16. Calculate j(-7).
9
Let o(b) = -24*b**3 - 2*b**2 - 2*b - 1. What is o(-1)?
23
Let v(w) = 14*w - 24. Determine v(-9).
-150
Let n(a) = -a**2 - 23*a - 19. Give n(-15).
101
Let s(r) = 2*r**3 - 32*r**2 - r + 8. Give s(16).
-8
Let d(w) = 2*w**2 + 21*w - 19. What is d(-11)?
-8
Let c(n) = -3*n + 16. Give c(-6).
34
Let j(h) = h**3 - 16*h**2 + 26*h + 17. Determine j(14).
-11
Let a(j) = 2*j**2 - 7*j + 10. What is a(4)?
14
Let q(x) = 7*x - 26. Give q(5).
9
Let u(s) = s**3 - 21*s**2 - 3*s + 71. Give u(21).
8
Let z(h) = h - 49. Calculate z(24).
-25
Let s(k) = 3*k**2 + 139*k - 84. Determine s(-47).
10
Let u(i) = -3*i + 13. Determine u(5).
-2
Let s(d) = 5*d - 38. Give s(8).
2
Let k(i) = -i**3 + 7*i**2 - 10*i + 7. Give k(5).
7
Let d(u) = -6*u + 143. Determine d(24).
-1
Let r(v) = -9*v**3 - 23*v**2 + 5*v + 3. Give r(-3).
24
Let l(d) = d**3 + 6*d**2 + 3*d + 9. Calculate l(-6).
-9
Let u(a) = a**2 - 6*a - 8. Calculate u(8).
8
Let p(v) = v + 28. Determine p(-12).
16
Let r(n) = -3*n**3 - n**2 + 2*n + 6. Give r(3).
-78
Let i(a) = a**2 + 9*a + 3. Determine i(-8).
-5
Let j(s) = 2*s**2 - 5*s - 7. Determine j(0).
-7
Let x(j) = j - 2. Give x(-1).
-3
Let m(l) = l**2 + 25*l + 62. Give m(-22).
-4
Let n(d) = d**3 - 5*d**2 + 7. Give n(4).
-9
Let y(g) = -2*g + 40. What is y(5)?
30
Let r(c)